{"version":"1.0","provider_name":"Arteconfort","provider_url":"https:\/\/arteconfort.com\/fr\/","author_name":"admin","author_url":"https:\/\/arteconfort.com\/fr\/author\/admin\/","title":"ALMA - Climatizaci\u00f3n, colecci\u00f3n antigua, Ventiladores de techo - Arteconfort","type":"rich","width":600,"height":338,"html":"<blockquote class=\"wp-embedded-content\" data-secret=\"9cevauVCZY\"><a href=\"https:\/\/arteconfort.com\/fr\/producto\/alma\/\">ALMA<\/a><\/blockquote><iframe sandbox=\"allow-scripts\" security=\"restricted\" src=\"https:\/\/arteconfort.com\/fr\/producto\/alma\/embed\/#?secret=9cevauVCZY\" width=\"600\" height=\"338\" title=\"\u00ab\u00a0ALMA\u00a0\u00bb &#8212; Arteconfort\" data-secret=\"9cevauVCZY\" frameborder=\"0\" marginwidth=\"0\" marginheight=\"0\" scrolling=\"no\" class=\"wp-embedded-content\"><\/iframe><script type=\"text\/javascript\">\n\/* <![CDATA[ *\/\n\/*! This file is auto-generated *\/\n!function(d,l){\"use strict\";l.querySelector&&d.addEventListener&&\"undefined\"!=typeof URL&&(d.wp=d.wp||{},d.wp.receiveEmbedMessage||(d.wp.receiveEmbedMessage=function(e){var t=e.data;if((t||t.secret||t.message||t.value)&&!\/[^a-zA-Z0-9]\/.test(t.secret)){for(var s,r,n,a=l.querySelectorAll('iframe[data-secret=\"'+t.secret+'\"]'),o=l.querySelectorAll('blockquote[data-secret=\"'+t.secret+'\"]'),c=new RegExp(\"^https?:$\",\"i\"),i=0;i<o.length;i++)o[i].style.display=\"none\";for(i=0;i<a.length;i++)s=a[i],e.source===s.contentWindow&&(s.removeAttribute(\"style\"),\"height\"===t.message?(1e3<(r=parseInt(t.value,10))?r=1e3:~~r<200&&(r=200),s.height=r):\"link\"===t.message&&(r=new URL(s.getAttribute(\"src\")),n=new URL(t.value),c.test(n.protocol))&&n.host===r.host&&l.activeElement===s&&(d.top.location.href=t.value))}},d.addEventListener(\"message\",d.wp.receiveEmbedMessage,!1),l.addEventListener(\"DOMContentLoaded\",function(){for(var e,t,s=l.querySelectorAll(\"iframe.wp-embedded-content\"),r=0;r<s.length;r++)(t=(e=s[r]).getAttribute(\"data-secret\"))||(t=Math.random().toString(36).substring(2,12),e.src+=\"#?secret=\"+t,e.setAttribute(\"data-secret\",t)),e.contentWindow.postMessage({message:\"ready\",secret:t},\"*\")},!1)))}(window,document);\n\/* ]]> *\/\n<\/script>\n","thumbnail_url":"https:\/\/arteconfort.com\/wp-content\/uploads\/2024\/07\/ventilador-ALMA-86536529-p-01.webp","thumbnail_width":1024,"thumbnail_height":1024,"description":"Ventilateur r\u00e9tractable ALMA avec \u00e9clairage LED int\u00e9gr\u00e9, flux lumineux \u00e9lev\u00e9 et m\u00e9moire de temp\u00e9rature de couleur. Il a un corps blanc et des pales r\u00e9tractables transparentes, il est facile \u00e0 installer. Il est \u00e9quip\u00e9 d'un moteur DC (courant continu) tr\u00e8s efficace qui r\u00e9duit la consommation d'\u00e9nergie tout en g\u00e9n\u00e9rant une atmosph\u00e8re agr\u00e9able gr\u00e2ce \u00e0 son fonctionnement silencieux. Il comprend une t\u00e9l\u00e9commande qui permet de contr\u00f4ler et de modifier les modes de programmation (1h-2h-4h), la temp\u00e9rature de couleur (2.700K-4.000K-6.500K), les vitesses (6), l'intensit\u00e9 lumineuse (jusqu'\u00e0 8 niveaux), le mode brise (sensation cr\u00e9\u00e9e par le changement constant des vitesses) et le mode hiver-\u00e9t\u00e9. Ce mod\u00e8le \u00e9l\u00e9gant peut \u00eatre utilis\u00e9 dans des pi\u00e8ces comprises entre 13m2 a 20m2. Ref: ALMANGMAD21   Ventilateur \u00e0 pales pliantes ou r\u00e9tractables  Eyeprotect: LED sans lumi\u00e8re bleue  \u00c9clairage LED \u00e0 flux lumineux \u00e9lev\u00e9  Vous trouverez ce ventilateur en vente exclusivement \u00e0 LEROY MERLINVous trouverez ce ventilateur en vente exclusivement \u00e0 LEROY MERLIN"}

ALMA - Climatización, colección antigua, Ventiladores de techo - Arteconfort

Ventilateur rétractable ALMA avec éclairage LED intégré, flux lumineux élevé et mémoire de température de couleur. Il a un corps blanc et des pales rétractables transparentes, il est facile à installer. Il est équipé d'un moteur DC (courant continu) très efficace qui réduit la consommation d'énergie tout en générant une atmosphère agréable grâce à son fonctionnement silencieux. Il comprend une télécommande qui permet de contrôler et de modifier les modes de programmation (1h-2h-4h), la température de couleur (2.700K-4.000K-6.500K), les vitesses (6), l'intensité lumineuse (jusqu'à 8 niveaux), le mode brise (sensation créée par le changement constant des vitesses) et le mode hiver-été. Ce modèle élégant peut être utilisé dans des pièces comprises entre 13m2 a 20m2. Ref: ALMANGMAD21   Ventilateur à pales pliantes ou rétractables  Eyeprotect: LED sans lumière bleue  Éclairage LED à flux lumineux élevé  Vous trouverez ce ventilateur en vente exclusivement à LEROY MERLINVous trouverez ce ventilateur en vente exclusivement à LEROY MERLIN
