{"version":"1.0","provider_name":"Arteconfort","provider_url":"https:\/\/arteconfort.com\/fr\/","author_name":"admin","author_url":"https:\/\/arteconfort.com\/fr\/author\/admin\/","title":"AVEIRO PRO - Descatalogados - Arteconfort","type":"rich","width":600,"height":338,"html":"<blockquote class=\"wp-embedded-content\" data-secret=\"wGERQXOtdM\"><a href=\"https:\/\/arteconfort.com\/fr\/producto\/aveiro-pro\/\">AVEIRO PRO<\/a><\/blockquote><iframe sandbox=\"allow-scripts\" security=\"restricted\" src=\"https:\/\/arteconfort.com\/fr\/producto\/aveiro-pro\/embed\/#?secret=wGERQXOtdM\" width=\"600\" height=\"338\" title=\"\u00ab\u00a0AVEIRO PRO\u00a0\u00bb &#8212; Arteconfort\" data-secret=\"wGERQXOtdM\" frameborder=\"0\" marginwidth=\"0\" marginheight=\"0\" scrolling=\"no\" class=\"wp-embedded-content\"><\/iframe><script type=\"text\/javascript\">\n\/* <![CDATA[ *\/\n\/*! This file is auto-generated *\/\n!function(d,l){\"use strict\";l.querySelector&&d.addEventListener&&\"undefined\"!=typeof URL&&(d.wp=d.wp||{},d.wp.receiveEmbedMessage||(d.wp.receiveEmbedMessage=function(e){var t=e.data;if((t||t.secret||t.message||t.value)&&!\/[^a-zA-Z0-9]\/.test(t.secret)){for(var s,r,n,a=l.querySelectorAll('iframe[data-secret=\"'+t.secret+'\"]'),o=l.querySelectorAll('blockquote[data-secret=\"'+t.secret+'\"]'),c=new RegExp(\"^https?:$\",\"i\"),i=0;i<o.length;i++)o[i].style.display=\"none\";for(i=0;i<a.length;i++)s=a[i],e.source===s.contentWindow&&(s.removeAttribute(\"style\"),\"height\"===t.message?(1e3<(r=parseInt(t.value,10))?r=1e3:~~r<200&&(r=200),s.height=r):\"link\"===t.message&&(r=new URL(s.getAttribute(\"src\")),n=new URL(t.value),c.test(n.protocol))&&n.host===r.host&&l.activeElement===s&&(d.top.location.href=t.value))}},d.addEventListener(\"message\",d.wp.receiveEmbedMessage,!1),l.addEventListener(\"DOMContentLoaded\",function(){for(var e,t,s=l.querySelectorAll(\"iframe.wp-embedded-content\"),r=0;r<s.length;r++)(t=(e=s[r]).getAttribute(\"data-secret\"))||(t=Math.random().toString(36).substring(2,12),e.src+=\"#?secret=\"+t,e.setAttribute(\"data-secret\",t)),e.contentWindow.postMessage({message:\"ready\",secret:t},\"*\")},!1)))}(window,document);\n\/* ]]> *\/\n<\/script>\n","thumbnail_url":"https:\/\/arteconfort.com\/wp-content\/uploads\/2023\/10\/AVEIRO-PRO.webp","thumbnail_width":1024,"thumbnail_height":1024,"description":"Ventilateur de plafond Aveiro Pro avec \u00e9clairage LED int\u00e9gr\u00e9 et m\u00e9moire de temp\u00e9rature de couleur. Il poss\u00e8de un corps en m\u00e9tal et 4 pales en blanc et en bois (r\u00e9versibles). Il est facile \u00e0 installer et convient aux plafonds inclin\u00e9s (jusqu'\u00e0 15\u00ba). Il est dot\u00e9 d'un moteur \u00e0 courant continu (CC) tr\u00e8s efficace qui r\u00e9duit la consommation d'\u00e9nergie tout en g\u00e9n\u00e9rant une atmosph\u00e8re agr\u00e9able gr\u00e2ce \u00e0 son fonctionnement silencieux. Comprend une t\u00e9l\u00e9commande pour contr\u00f4ler et modifier les modes de programmation (jusqu'\u00e0 9h), la temp\u00e9rature de couleur (3000K-4000K-5500K), les vitesses (6) et le mode hiver-\u00e9t\u00e9. Ce mod\u00e8le \u00e9l\u00e9gant peut \u00eatre utilis\u00e9 dans des pi\u00e8ces de moins de 20m2. Ref. CAVEIR-014P4SMDDCV5BLCD"}

Ventilateur de plafond Aveiro Pro avec éclairage LED intégré et mémoire de température de couleur. Il possède un corps en métal et 4 pales en blanc et en bois (réversibles). Il est facile à installer et convient aux plafonds inclinés (jusqu'à 15º). Il est doté d'un moteur à courant continu (CC) très efficace qui réduit la consommation d'énergie tout en générant une atmosphère agréable grâce à son fonctionnement silencieux. Comprend une télécommande pour contrôler et modifier les modes de programmation (jusqu'à 9h), la température de couleur (3000K-4000K-5500K), les vitesses (6) et le mode hiver-été. Ce modèle élégant peut être utilisé dans des pièces de moins de 20m2. Ref. CAVEIR-014P4SMDDCV5BLCD
