{"id":11565,"date":"2020-12-15T09:14:46","date_gmt":"2020-12-15T08:14:46","guid":{"rendered":"https:\/\/arteconfort.com\/producto\/non%20class\u00e9\/blake\/"},"modified":"2022-03-10T11:41:46","modified_gmt":"2022-03-10T10:41:46","slug":"blake","status":"publish","type":"product","link":"https:\/\/arteconfort.com\/fr\/producto\/blake\/","title":{"rendered":"BLAKE"},"content":{"rendered":"<div class=\"wpb-content-wrapper\"><p>[vc_row][vc_column width=&#8221;1\/2&#8243;][vc_accordion collapsible=&#8221;true&#8221; active_tab=&#8221;false&#8221;][vc_accordion_tab title=&#8221;Caract\u00e9ristiques m\u00e9caniques&#8221;][vc_column_text]<strong>Dimensions<\/strong> 42x50cm<br \/>\n<strong>Mat\u00e9riau<\/strong> M\u00e9tal<br \/>\n<b>Finition <\/b>Noir<br \/>\n<strong>IP<\/strong> 20<br \/>\n<strong>Garantie<\/strong> 2 ans[\/vc_column_text][\/vc_accordion_tab][vc_accordion_tab title=&#8221;Caract\u00e9ristiques \u00e9lectriques&#8221;][vc_column_text]<b>Puissance <\/b>Max. 40W (Lampe non incluse)<br \/>\n<strong>Dur\u00e9e<\/strong> 220-240Vac<br \/>\n<strong>Fr\u00e9quence<\/strong> 50Hz<br \/>\n<strong>Douille<\/strong> E14[\/vc_column_text][\/vc_accordion_tab][\/vc_accordion][\/vc_column][vc_column width=&#8221;1\/2&#8243;][vc_single_image image=&#8221;8514&#8243;][\/vc_column][\/vc_row]<\/p>\n<\/div>","protected":false},"excerpt":{"rendered":"<p>Lampe de table originale avec deux abat-jour con\u00e7ue pour d\u00e9corer n&#8217;importe quel espace de la maison avec \u00e9l\u00e9gance et personnalit\u00e9. Le corps et les deux abat-jour sont enti\u00e8rement r\u00e9alis\u00e9s en m\u00e9tal, r\u00e9sistant et durable, permettant d&#8217;apporter une touche moderne et industrielle \u00e0 la pi\u00e8ce. Cette lampe est destin\u00e9e \u00e0 un usage int\u00e9rieur uniquement, le compl\u00e9ment id\u00e9al pour les chambres, les couloirs ou les salons.<br \/>\n<strong>Ref. BLAKENG113<\/strong>[vc_row][vc_column offset=&#8221;vc_hidden-xs&#8221;][vc_empty_space height=&#8221;30px&#8221;][\/vc_column][\/vc_row][vc_row][vc_column][vc_row_inner][vc_column_inner][wyde_info_box icon_set=&#8221;simple_line&#8221; icon_simple_line=&#8221;sl-wrench&#8221; icon_position=&#8221;left&#8221; title=&#8221;MONTAGE ET NETTOYAGE FACILES&#8221;]Une maintenance \u00e0 moindre effort[\/wyde_info_box][vc_empty_space height=&#8221;15px&#8221;][\/vc_column_inner][\/vc_row_inner][\/vc_column][\/vc_row][vc_row][vc_column offset=&#8221;vc_hidden-xs&#8221;][vc_empty_space height=&#8221;60px&#8221;][\/vc_column][\/vc_row][vc_row][vc_column width=&#8221;1\/3&#8243;][wyde_link_button icon_set=&#8221;simple_line&#8221; icon_simple_line=&#8221;sl-settings&#8221; style=&#8221;round&#8221; title=&#8221;Instructions&#8221; link=&#8221;url:https%3A%2F%2Farteconfort.com%2Fwp-content%2Fuploads%2F2020%2F12%2Fim-BLAKE.pdf||target:%20_blank|rel:nofollow&#8221; color=&#8221;#ffffff&#8221; bg_color=&#8221;#222222&#8243;][\/vc_column][\/vc_row][vc_row][vc_column offset=&#8221;vc_hidden-xs&#8221;][vc_empty_space][\/vc_column][\/vc_row][vc_row][vc_column][vc_empty_space height=&#8221;20px&#8221;][\/vc_column][\/vc_row]<\/p>\n","protected":false},"featured_media":35126,"template":"","meta":[],"product_brand":[],"product_cat":[406],"product_tag":[],"class_list":{"0":"post-11565","1":"product","2":"type-product","3":"status-publish","4":"has-post-thumbnail","6":"product_cat-descatalogados-fr","8":"first","9":"instock","10":"shipping-taxable","11":"product-type-external"},"yoast_head":"<!-- This site is optimized with the Yoast SEO plugin v26.5 - https:\/\/yoast.com\/wordpress\/plugins\/seo\/ -->\n<title>BLAKE - Descatalogados - Arteconfort<\/title>\n<meta name=\"description\" content=\"Lampe de table originale avec deux abat-jour con\u00e7ue pour d\u00e9corer n&#039;importe quel espace de la maison avec \u00e9l\u00e9gance et personnalit\u00e9. Le corps et les deux abat-jour sont enti\u00e8rement r\u00e9alis\u00e9s en m\u00e9tal, r\u00e9sistant et durable, permettant d&#039;apporter une touche moderne et industrielle \u00e0 la pi\u00e8ce. Cette lampe est destin\u00e9e \u00e0 un usage int\u00e9rieur uniquement, le compl\u00e9ment id\u00e9al pour les chambres, les couloirs ou les salons. Ref. BLAKENG113Une maintenance \u00e0 moindre effort\" \/>\n<meta name=\"robots\" content=\"index, follow, max-snippet:-1, max-image-preview:large, max-video-preview:-1\" \/>\n<link rel=\"canonical\" href=\"https:\/\/arteconfort.com\/fr\/producto\/blake\/\" \/>\n<meta property=\"og:locale\" content=\"fr_FR\" \/>\n<meta property=\"og:type\" content=\"article\" \/>\n<meta property=\"og:title\" content=\"BLAKE - Descatalogados - Arteconfort\" \/>\n<meta property=\"og:description\" content=\"Lampe de table originale avec deux abat-jour con\u00e7ue pour d\u00e9corer n&#039;importe quel espace de la maison avec \u00e9l\u00e9gance et personnalit\u00e9. Le corps et les deux abat-jour sont enti\u00e8rement r\u00e9alis\u00e9s en m\u00e9tal, r\u00e9sistant et durable, permettant d&#039;apporter une touche moderne et industrielle \u00e0 la pi\u00e8ce. Cette lampe est destin\u00e9e \u00e0 un usage int\u00e9rieur uniquement, le compl\u00e9ment id\u00e9al pour les chambres, les couloirs ou les salons. Ref. BLAKENG113Une maintenance \u00e0 moindre effort\" \/>\n<meta property=\"og:url\" content=\"https:\/\/arteconfort.com\/fr\/producto\/blake\/\" \/>\n<meta property=\"og:site_name\" content=\"Arteconfort\" \/>\n<meta property=\"article:modified_time\" content=\"2022-03-10T10:41:46+00:00\" \/>\n<meta property=\"og:image\" content=\"https:\/\/arteconfort.com\/wp-content\/uploads\/2023\/10\/LAMPARA-BLAKE-1.webp\" \/>\n\t<meta property=\"og:image:width\" content=\"1024\" \/>\n\t<meta property=\"og:image:height\" content=\"1024\" \/>\n\t<meta property=\"og:image:type\" content=\"image\/webp\" \/>\n<meta name=\"twitter:card\" content=\"summary_large_image\" \/>\n<!-- \/ Yoast SEO plugin. -->","yoast_head_json":{"title":"BLAKE - Descatalogados - Arteconfort","description":"Lampe de table originale avec deux abat-jour con\u00e7ue pour d\u00e9corer n'importe quel espace de la maison avec \u00e9l\u00e9gance et personnalit\u00e9. Le corps et les deux abat-jour sont enti\u00e8rement r\u00e9alis\u00e9s en m\u00e9tal, r\u00e9sistant et durable, permettant d'apporter une touche moderne et industrielle \u00e0 la pi\u00e8ce. Cette lampe est destin\u00e9e \u00e0 un usage int\u00e9rieur uniquement, le compl\u00e9ment id\u00e9al pour les chambres, les couloirs ou les salons. Ref. BLAKENG113Une maintenance \u00e0 moindre effort","robots":{"index":"index","follow":"follow","max-snippet":"max-snippet:-1","max-image-preview":"max-image-preview:large","max-video-preview":"max-video-preview:-1"},"canonical":"https:\/\/arteconfort.com\/fr\/producto\/blake\/","og_locale":"fr_FR","og_type":"article","og_title":"BLAKE - Descatalogados - Arteconfort","og_description":"Lampe de table originale avec deux abat-jour con\u00e7ue pour d\u00e9corer n'importe quel espace de la maison avec \u00e9l\u00e9gance et personnalit\u00e9. Le corps et les deux abat-jour sont enti\u00e8rement r\u00e9alis\u00e9s en m\u00e9tal, r\u00e9sistant et durable, permettant d'apporter une touche moderne et industrielle \u00e0 la pi\u00e8ce. Cette lampe est destin\u00e9e \u00e0 un usage int\u00e9rieur uniquement, le compl\u00e9ment id\u00e9al pour les chambres, les couloirs ou les salons. Ref. BLAKENG113Une maintenance \u00e0 moindre effort","og_url":"https:\/\/arteconfort.com\/fr\/producto\/blake\/","og_site_name":"Arteconfort","article_modified_time":"2022-03-10T10:41:46+00:00","og_image":[{"width":1024,"height":1024,"url":"https:\/\/arteconfort.com\/wp-content\/uploads\/2023\/10\/LAMPARA-BLAKE-1.webp","type":"image\/webp"}],"twitter_card":"summary_large_image","schema":{"@context":"https:\/\/schema.org","@graph":[{"@type":"WebPage","@id":"https:\/\/arteconfort.com\/fr\/producto\/blake\/","url":"https:\/\/arteconfort.com\/fr\/producto\/blake\/","name":"BLAKE - Descatalogados - Arteconfort","isPartOf":{"@id":"https:\/\/arteconfort.com\/fr\/#website"},"primaryImageOfPage":{"@id":"https:\/\/arteconfort.com\/fr\/producto\/blake\/#primaryimage"},"image":{"@id":"https:\/\/arteconfort.com\/fr\/producto\/blake\/#primaryimage"},"thumbnailUrl":"https:\/\/arteconfort.com\/wp-content\/uploads\/2023\/10\/LAMPARA-BLAKE-1.webp","datePublished":"2020-12-15T08:14:46+00:00","dateModified":"2022-03-10T10:41:46+00:00","description":"Lampe de table originale avec deux abat-jour con\u00e7ue pour d\u00e9corer n'importe quel espace de la maison avec \u00e9l\u00e9gance et personnalit\u00e9. Le corps et les deux abat-jour sont enti\u00e8rement r\u00e9alis\u00e9s en m\u00e9tal, r\u00e9sistant et durable, permettant d'apporter une touche moderne et industrielle \u00e0 la pi\u00e8ce. Cette lampe est destin\u00e9e \u00e0 un usage int\u00e9rieur uniquement, le compl\u00e9ment id\u00e9al pour les chambres, les couloirs ou les salons. Ref. BLAKENG113Une maintenance \u00e0 moindre effort","breadcrumb":{"@id":"https:\/\/arteconfort.com\/fr\/producto\/blake\/#breadcrumb"},"inLanguage":"fr-FR","potentialAction":[{"@type":"ReadAction","target":["https:\/\/arteconfort.com\/fr\/producto\/blake\/"]}]},{"@type":"ImageObject","inLanguage":"fr-FR","@id":"https:\/\/arteconfort.com\/fr\/producto\/blake\/#primaryimage","url":"https:\/\/arteconfort.com\/wp-content\/uploads\/2023\/10\/LAMPARA-BLAKE-1.webp","contentUrl":"https:\/\/arteconfort.com\/wp-content\/uploads\/2023\/10\/LAMPARA-BLAKE-1.webp","width":1024,"height":1024},{"@type":"BreadcrumbList","@id":"https:\/\/arteconfort.com\/fr\/producto\/blake\/#breadcrumb","itemListElement":[{"@type":"ListItem","position":1,"name":"Inicio","item":"https:\/\/arteconfort.com\/fr\/"},{"@type":"ListItem","position":2,"name":"Boutique","item":"https:\/\/arteconfort.com\/fr\/boutique\/"},{"@type":"ListItem","position":3,"name":"BLAKE"}]},{"@type":"WebSite","@id":"https:\/\/arteconfort.com\/fr\/#website","url":"https:\/\/arteconfort.com\/fr\/","name":"Arteconfort","description":"Especialistas en productos del hogar","publisher":{"@id":"https:\/\/arteconfort.com\/fr\/#organization"},"potentialAction":[{"@type":"SearchAction","target":{"@type":"EntryPoint","urlTemplate":"https:\/\/arteconfort.com\/fr\/?s={search_term_string}"},"query-input":{"@type":"PropertyValueSpecification","valueRequired":true,"valueName":"search_term_string"}}],"inLanguage":"fr-FR"},{"@type":"Organization","@id":"https:\/\/arteconfort.com\/fr\/#organization","name":"Arteconfort","url":"https:\/\/arteconfort.com\/fr\/","logo":{"@type":"ImageObject","inLanguage":"fr-FR","@id":"https:\/\/arteconfort.com\/fr\/#\/schema\/logo\/image\/","url":"https:\/\/arteconfort.com\/wp-content\/uploads\/2019\/07\/logo-arteconfort.png","contentUrl":"https:\/\/arteconfort.com\/wp-content\/uploads\/2019\/07\/logo-arteconfort.png","width":230,"height":88,"caption":"Arteconfort"},"image":{"@id":"https:\/\/arteconfort.com\/fr\/#\/schema\/logo\/image\/"}}]}},"_links":{"self":[{"href":"https:\/\/arteconfort.com\/fr\/wp-json\/wp\/v2\/product\/11565","targetHints":{"allow":["GET"]}}],"collection":[{"href":"https:\/\/arteconfort.com\/fr\/wp-json\/wp\/v2\/product"}],"about":[{"href":"https:\/\/arteconfort.com\/fr\/wp-json\/wp\/v2\/types\/product"}],"wp:featuredmedia":[{"embeddable":true,"href":"https:\/\/arteconfort.com\/fr\/wp-json\/wp\/v2\/media\/35126"}],"wp:attachment":[{"href":"https:\/\/arteconfort.com\/fr\/wp-json\/wp\/v2\/media?parent=11565"}],"wp:term":[{"taxonomy":"product_brand","embeddable":true,"href":"https:\/\/arteconfort.com\/fr\/wp-json\/wp\/v2\/product_brand?post=11565"},{"taxonomy":"product_cat","embeddable":true,"href":"https:\/\/arteconfort.com\/fr\/wp-json\/wp\/v2\/product_cat?post=11565"},{"taxonomy":"product_tag","embeddable":true,"href":"https:\/\/arteconfort.com\/fr\/wp-json\/wp\/v2\/product_tag?post=11565"}],"curies":[{"name":"wp","href":"https:\/\/api.w.org\/{rel}","templated":true}]}}

https://arteconfort.com/producto/non%20classé/blake/

<div class="wpb-content-wrapper"><p>[vc_row][vc_column width=&#8221;1/2&#8243;][vc_accordion collapsible=&#8221;true&#8221; active_tab=&#8221;false&#8221;][vc_accordion_tab title=&#8221;Caractéristiques mécaniques&#8221;][vc_column_text]<strong>Dimensions</strong> 42x50cm<br />
<strong>Matériau</strong> Métal<br />
<b>Finition </b>Noir<br />
<strong>IP</strong> 20<br />
<strong>Garantie</strong> 2 ans[/vc_column_text][/vc_accordion_tab][vc_accordion_tab title=&#8221;Caractéristiques électriques&#8221;][vc_column_text]<b>Puissance </b>Max. 40W (Lampe non incluse)<br />
<strong>Durée</strong> 220-240Vac<br />
<strong>Fréquence</strong> 50Hz<br />
<strong>Douille</strong> E14[/vc_column_text][/vc_accordion_tab][/vc_accordion][/vc_column][vc_column width=&#8221;1/2&#8243;][vc_single_image image=&#8221;8514&#8243;][/vc_column][/vc_row]</p>
</div>

<p>Lampe de table originale avec deux abat-jour conçue pour décorer n&#8217;importe quel espace de la maison avec élégance et personnalité. Le corps et les deux abat-jour sont entièrement réalisés en métal, résistant et durable, permettant d&#8217;apporter une touche moderne et industrielle à la pièce. Cette lampe est destinée à un usage intérieur uniquement, le complément idéal pour les chambres, les couloirs ou les salons.<br />
<strong>Ref. BLAKENG113</strong>[vc_row][vc_column offset=&#8221;vc_hidden-xs&#8221;][vc_empty_space height=&#8221;30px&#8221;][/vc_column][/vc_row][vc_row][vc_column][vc_row_inner][vc_column_inner][wyde_info_box icon_set=&#8221;simple_line&#8221; icon_simple_line=&#8221;sl-wrench&#8221; icon_position=&#8221;left&#8221; title=&#8221;MONTAGE ET NETTOYAGE FACILES&#8221;]Une maintenance à moindre effort[/wyde_info_box][vc_empty_space height=&#8221;15px&#8221;][/vc_column_inner][/vc_row_inner][/vc_column][/vc_row][vc_row][vc_column offset=&#8221;vc_hidden-xs&#8221;][vc_empty_space height=&#8221;60px&#8221;][/vc_column][/vc_row][vc_row][vc_column width=&#8221;1/3&#8243;][wyde_link_button icon_set=&#8221;simple_line&#8221; icon_simple_line=&#8221;sl-settings&#8221; style=&#8221;round&#8221; title=&#8221;Instructions&#8221; link=&#8221;url:https%3A%2F%2Farteconfort.com%2Fwp-content%2Fuploads%2F2020%2F12%2Fim-BLAKE.pdf||target:%20_blank|rel:nofollow&#8221; color=&#8221;#ffffff&#8221; bg_color=&#8221;#222222&#8243;][/vc_column][/vc_row][vc_row][vc_column offset=&#8221;vc_hidden-xs&#8221;][vc_empty_space][/vc_column][/vc_row][vc_row][vc_column][vc_empty_space height=&#8221;20px&#8221;][/vc_column][/vc_row]</p>

<!-- This site is optimized with the Yoast SEO plugin v26.5 - https://yoast.com/wordpress/plugins/seo/ -->
<title>BLAKE - Descatalogados - Arteconfort</title>
<meta name="description" content="Lampe de table originale avec deux abat-jour conçue pour décorer n&#039;importe quel espace de la maison avec élégance et personnalité. Le corps et les deux abat-jour sont entièrement réalisés en métal, résistant et durable, permettant d&#039;apporter une touche moderne et industrielle à la pièce. Cette lampe est destinée à un usage intérieur uniquement, le complément idéal pour les chambres, les couloirs ou les salons. Ref. BLAKENG113Une maintenance à moindre effort" />
<meta name="robots" content="index, follow, max-snippet:-1, max-image-preview:large, max-video-preview:-1" />
<link rel="canonical" href="https://arteconfort.com/fr/producto/blake/" />
<meta property="og:locale" content="fr_FR" />
<meta property="og:type" content="article" />
<meta property="og:title" content="BLAKE - Descatalogados - Arteconfort" />
<meta property="og:description" content="Lampe de table originale avec deux abat-jour conçue pour décorer n&#039;importe quel espace de la maison avec élégance et personnalité. Le corps et les deux abat-jour sont entièrement réalisés en métal, résistant et durable, permettant d&#039;apporter une touche moderne et industrielle à la pièce. Cette lampe est destinée à un usage intérieur uniquement, le complément idéal pour les chambres, les couloirs ou les salons. Ref. BLAKENG113Une maintenance à moindre effort" />
<meta property="og:url" content="https://arteconfort.com/fr/producto/blake/" />
<meta property="og:site_name" content="Arteconfort" />
<meta property="article:modified_time" content="2022-03-10T10:41:46+00:00" />
<meta property="og:image" content="https://arteconfort.com/wp-content/uploads/2023/10/LAMPARA-BLAKE-1.webp" />
	<meta property="og:image:width" content="1024" />
	<meta property="og:image:height" content="1024" />
	<meta property="og:image:type" content="image/webp" />
<meta name="twitter:card" content="summary_large_image" />
<!-- / Yoast SEO plugin. -->

Lampe de table originale avec deux abat-jour conçue pour décorer n'importe quel espace de la maison avec élégance et personnalité. Le corps et les deux abat-jour sont entièrement réalisés en métal, résistant et durable, permettant d'apporter une touche moderne et industrielle à la pièce. Cette lampe est destinée à un usage intérieur uniquement, le complément idéal pour les chambres, les couloirs ou les salons. Ref. BLAKENG113Une maintenance à moindre effort
