{"version":"1.0","provider_name":"Arteconfort","provider_url":"https:\/\/arteconfort.com\/pt-pt\/","author_name":"admin","author_url":"https:\/\/arteconfort.com\/pt-pt\/author\/admin\/","title":"CONIL - Climatizaci\u00f3n, colecci\u00f3n antigua, Ventiladores de techo - Arteconfort","type":"rich","width":600,"height":338,"html":"<blockquote class=\"wp-embedded-content\" data-secret=\"5KqKJ7WzU4\"><a href=\"https:\/\/arteconfort.com\/pt-pt\/producto\/conil\/\">CONIL<\/a><\/blockquote><iframe sandbox=\"allow-scripts\" security=\"restricted\" src=\"https:\/\/arteconfort.com\/pt-pt\/producto\/conil\/embed\/#?secret=5KqKJ7WzU4\" width=\"600\" height=\"338\" title=\"&#8220;CONIL&#8221; &#8212; Arteconfort\" data-secret=\"5KqKJ7WzU4\" frameborder=\"0\" marginwidth=\"0\" marginheight=\"0\" scrolling=\"no\" class=\"wp-embedded-content\"><\/iframe><script type=\"text\/javascript\">\n\/* <![CDATA[ *\/\n\/*! This file is auto-generated *\/\n!function(d,l){\"use strict\";l.querySelector&&d.addEventListener&&\"undefined\"!=typeof URL&&(d.wp=d.wp||{},d.wp.receiveEmbedMessage||(d.wp.receiveEmbedMessage=function(e){var t=e.data;if((t||t.secret||t.message||t.value)&&!\/[^a-zA-Z0-9]\/.test(t.secret)){for(var s,r,n,a=l.querySelectorAll('iframe[data-secret=\"'+t.secret+'\"]'),o=l.querySelectorAll('blockquote[data-secret=\"'+t.secret+'\"]'),c=new RegExp(\"^https?:$\",\"i\"),i=0;i<o.length;i++)o[i].style.display=\"none\";for(i=0;i<a.length;i++)s=a[i],e.source===s.contentWindow&&(s.removeAttribute(\"style\"),\"height\"===t.message?(1e3<(r=parseInt(t.value,10))?r=1e3:~~r<200&&(r=200),s.height=r):\"link\"===t.message&&(r=new URL(s.getAttribute(\"src\")),n=new URL(t.value),c.test(n.protocol))&&n.host===r.host&&l.activeElement===s&&(d.top.location.href=t.value))}},d.addEventListener(\"message\",d.wp.receiveEmbedMessage,!1),l.addEventListener(\"DOMContentLoaded\",function(){for(var e,t,s=l.querySelectorAll(\"iframe.wp-embedded-content\"),r=0;r<s.length;r++)(t=(e=s[r]).getAttribute(\"data-secret\"))||(t=Math.random().toString(36).substring(2,12),e.src+=\"#?secret=\"+t,e.setAttribute(\"data-secret\",t)),e.contentWindow.postMessage({message:\"ready\",secret:t},\"*\")},!1)))}(window,document);\n\/* ]]> *\/\n<\/script>\n","thumbnail_url":"https:\/\/arteconfort.com\/wp-content\/uploads\/2024\/06\/ventilador-CONIL-foto-con-mando.webp","thumbnail_width":1024,"thumbnail_height":1024,"description":"Ventilador de tecto de conil com luz LED integrada e mem\u00f3ria de temperatura de cor. Tem um corpo met\u00e1lico, 3 l\u00e2minas de madeira e \u00e9 f\u00e1cil de instalar. Tem um motor de corrente cont\u00ednua (corrente cont\u00ednua) altamente eficiente que reduz o consumo de energia ao mesmo tempo que cria uma atmosfera agrad\u00e1vel gra\u00e7as ao seu funcionamento silencioso. Inclui um controlo remoto para controlar e alterar os modos de programa\u00e7\u00e3o (at\u00e9 9h), temperatura da cor (3000K-4000K-5500K), velocidades (6), intensidade da luz (at\u00e9 8 n\u00edveis), modo de brisa (sensa\u00e7\u00e3o criada pela constante mudan\u00e7a de velocidades) e modo de Inverno-ver\u00e3o. Este modelo elegante pode ser utilizado em salas com menos de 40m2. Ref: CONILBLMAD21   Ventilador para salas grandes  Grande fluxo de ar  Ilumina\u00e7\u00e3o LED com mem\u00f3ria de temperatura de cor  Encontre este ventilador de teto para venda exclusivamente em LEROY MERLINEncontre este ventilador de teto para venda exclusivamente em LEROY MERLIN"}

CONIL - Climatización, colección antigua, Ventiladores de techo - Arteconfort

Ventilador de tecto de conil com luz LED integrada e memória de temperatura de cor. Tem um corpo metálico, 3 lâminas de madeira e é fácil de instalar. Tem um motor de corrente contínua (corrente contínua) altamente eficiente que reduz o consumo de energia ao mesmo tempo que cria uma atmosfera agradável graças ao seu funcionamento silencioso. Inclui um controlo remoto para controlar e alterar os modos de programação (até 9h), temperatura da cor (3000K-4000K-5500K), velocidades (6), intensidade da luz (até 8 níveis), modo de brisa (sensação criada pela constante mudança de velocidades) e modo de Inverno-verão. Este modelo elegante pode ser utilizado em salas com menos de 40m2. Ref: CONILBLMAD21   Ventilador para salas grandes  Grande fluxo de ar  Iluminação LED com memória de temperatura de cor  Encontre este ventilador de teto para venda exclusivamente em LEROY MERLINEncontre este ventilador de teto para venda exclusivamente em LEROY MERLIN
